when 10998 is divided by 604?
126
Calculate the remainder when 19756 is divided by 49.
9
What is the remainder when 651457 is divided by 96?
1
What is the remainder when 29416 is divided by 73?
70
Calculate the remainder when 6164 is divided by 13.
2
Calculate the remainder when 2693 is divided by 530.
43
Calculate the remainder when 11321 is divided by 15.
11
What is the remainder when 1435 is divided by 89?
11
Calculate the remainder when 2270 is divided by 73.
7
Calculate the remainder when 363968 is divided by 121321.
5
Calculate the remainder when 141286 is divided by 199.
195
Calculate the remainder when 15864 is divided by 129.
126
What is the remainder when 106443 is divided by 117?
90
What is the remainder when 267710 is divided by 345?
335
What is the remainder when 75483 is divided by 224?
219
What is the remainder when 6958 is divided by 32?
14
Calculate the remainder when 12646 is divided by 4199.
49
What is the remainder when 112634 is divided by 34?
26
Calculate the remainder when 1363 is divided by 304.
147
Calculate the remainder when 66489 is divided by 33244.
1
Calculate the remainder when 463187 is divided by 13.
10
What is the remainder when 220552 is divided by 3446?
8
Calculate the remainder when 29858 is divided by 5953.
93
Calculate the remainder when 34566 is divided by 516.
510
Calculate the remainder when 7736 is divided by 1523.
121
Calculate the remainder when 229 is divided by 53.
17
What is the remainder when 1313 is divided by 51?
38
Calculate the remainder when 67900 is divided by 369.
4
What is the remainder when 46767 is divided by 1265?
1227
Calculate the remainder when 1298757 is divided by 30.
27
Calculate the remainder when 37108 is divided by 6183.
10
What is the remainder when 7566 is divided by 151?
16
Calculate the remainder when 14811 is divided by 1617.
258
Calculate the remainder when 7052 is divided by 783.
5
What is the remainder when 6197 is divided by 103?
17
Calculate the remainder when 54808 is divided by 9.
7
What is the remainder when 198898 is divided by 22099?
7
What is the remainder when 3525 is divided by 1660?
205
What is the remainder when 15854 is divided by 2638?
26
What is the remainder when 4919 is divided by 1638?
5
Calculate the remainder when 2183 is divided by 87.
8
Calculate the remainder when 3104826 is divided by 29.
28
Calculate the remainder when 49168 is divided by 4468.
20
What is the remainder when 42235 is divided by 640?
635
What is the remainder when 169417 is divided by 1883?
1830
What is the remainder when 277343 is divided by 276?
239
Calculate the remainder when 18318 is divided by 22.
14
What is the remainder when 16757 is divided by 8374?
9
Calculate the remainder when 33049 is divided by 17.
1
Calculate the remainder when 231994 is divided by 246.
16
What is the remainder when 1050164 is divided by 56?
52
What is the remainder when 92821 is divided by 273?
1
What is the remainder when 42257 is divided by 140?
117
Calculate the remainder when 26535 is divided by 8842.
9
Calculate the remainder when 2235 is divided by 220.
35
What is the remainder when 25205 is divided by 2800?
5
What is the remainder when 6030 is divided by 208?
206
What is the remainder when 714 is divided by 40?
34
What is the remainder when 3457 is divided by 1674?
109
Calculate the remainder when 1304 is divided by 428.
20
What is the remainder when 14049 is divided by 195?
9
Calculate the remainder when 395074 is divided by 40.
34
What is the remainder when 300839 is divided by 230?
229
What is the remainder when 6304 is divided by 787?
8
What is the remainder when 811416 is divided by 270469?
9
What is the remainder when 6400 is divided by 15?
10
What is the remainder when 789157 is divided by 123?
112
Calculate the remainder when 3388 is divided by 62.
40
Calculate the remainder when 12451 is divided by 594.
571
What is the remainder when 96882 is divided by 48420?
42
What is the remainder when 873297 is divided by 50?
47
Calculate the remainder when 19226 is divided by 224.
186
What is the remainder when 45325 is divided by 11330?
5
What is the remainder when 1034 is divided by 640?
394
Calculate the remainder when 58365 is divided by 228.
225
What is the remainder when 1931 is divided by 1906?
25
Calculate the remainder when 2873 is divided by 946.
35
What is the remainder when 129094 is divided by 24?
22
Calculate the remainder when 714 is divided by 343.
28
Calculate the remainder when 17902 is divided by 1278.
10
What is the remainder when 97 is divided by 80?
17
Calculate the remainder when 6124 is divided by 186.
172
Calculate the remainder when 617 is divided by 139.
61
Calculate the remainder when 16924 is divided by 5603.
115
Calculate the remainder when 22508 is divided by 113.
21
What is the remainder when 125491 is divided by 62725?
41
What is the remainder when 2933 is divided by 370?
343
What is the remainder when 182747 is divided by 127?
121
What is the remainder when 10720 is divided by 335?
0
Calculate the remainder when 19558 is divided by 698.
14
What is the remainder when 49353 is divided by 851?
846
What is the remainder when 48431 is divided by 5380?
11
Calculate the remainder when 29876 is divided by 83.
79
What is the remainder when 2188 is divided by 2152?
36
Calculate the remainder when 122920 is divided by 719.
690
Calculate the remainder when 5409 is divided by 1112.
961
What is the remainder when 3006 is divided by 13?
3
What is the remainder when 140517 is divided by 2129?
3
What is the remainder when 18267 is divided by 4563?
15
Calculate the remainder when 19689 is divided by 76.
5
What is the remainder when 72853 is divided by 4552?
21
Calculate the remainder when 4990 is divided by 36.
22
What is the remainder when 240595 is divided by 67?
65
What is the remainder when 56152 is divided by 98?
96
Calculate the remainder when 4372 is divided by 340.
292
Calculate the remainder when 30228 is divided by 15.
3
What is the remainder when 8432 is divided by 1445?
1207
What is the remainder when 51517 is divided by 267?
253
Calculate the remainder when 347199 is divided by 6.
3
What is the remainder when 2861 is divided by 71?
21
What is the remainder when 1282 is divided by 5?
2
Calculate the remainder when 44753 is divided by 8948.
13
What is the remainder when 844 is divided by 203?
32
Calculate the remainder when 34347 is divided by 136.
75
What is the remainder when 5775 is divided by 54?
51
Calculate the remainder when 103446 is divided by 6892.
66
Calculate the remainder when 2879389 is divided by 179.
174
Calculate the remainder when 9139 is divided by 17.
10
Calculate the remainder when 29945 is divided by 156.
149
What is the remainder when 8621 is divided by 173?
144
Calculate the remainder when 22709 is divided by 54.
29
What is the remainder when 8843 is divided by 320?
203
Calculate the remainder when 2159120 is divided by 14.
12
Calculate the remainder when 586 is divided by 575.
11
Calculate the remainder when 2260167 is divided by 18.
15
Calculate the remainder when 14553 is divided by 4787.
192
Calculate the remainder when 4008 is divided by 370.
308
Calculate the remainder when 10344 is divided by 24.
0
What is the remainder when 20651 is divided by 689?
670
What is the remainder when 745 is divided by 93?
1
Calculate the remainder when 796 is divided by 261.
13
Calculate the remainder when 2690 is divided by 724.
518
Calculate the remainder when 16048 is divided by 142.
2
What is the remainder when 501371 is divided by 39?
26
What is the remainder when 357712 is divided by 35771?
2
What is the remainder when 61545 is divided by 905?
5
Calculate the remainder when 11109 is divided by 5545.
19
What is the remainder when 8025 is divided by 876?
141
Calculate the remainder when 67557 is divided by 13.
9
What is the remainder when 334268 is divided by 64?
60
What is the remainder when 68286 is divided by 36?
30
What is the remainder when 4546 is divided by 519?
394
Calculate the remainder when 5622 is divided by 517.
452
What is the remainder when 120870 is divided by 73?
55
Calculate the remainder when 539095 is divided by 368.
343
Calculate the remainder when 89768 is divided by 29863.
179
Calculate the remainder when 65509 is divided b